j)?
-17
Let d(i) = i**3 + 7*i**2 - 7*i + 12. Let w be d(-8). Let r(y) = w*y + 58 - 109 + 55. What is r(-3)?
-8
Let q(h) be the second derivative of h**5/10 - 11*h**4/4 - 2*h**3 - 83*h**2/2 - 38*h + 117. Give q(17).
2
Suppose -6*o + 151 = 169. Let p(z) = -z**3 - 6*z**2 + 5*z + 4. Let s(q) = -q**3 - 7*q**2 + 5*q + 4. Let l(k) = 6*p(k) - 5*s(k). Determine l(o).
7
Let y(r) = 3*r**3 - 2*r + 1. Let b = 10 - -15. Let i = b - 20. Suppose 0 = -8*p + i*p + 3. Give y(p).
2
Let a = -42 - -47. Suppose 0 = 2*x + 4*k - 6, -3*k = -a*x + k + 85. Let h be (10/8)/(3 + x/(-4)). Let i(u) = -u**3 - 6*u**2 - 3*u + 7. Calculate i(h).
-3
Let p(u) = -3*u**2 + 30. Let s = 4159 - 4159. Calculate p(s).
30
Let n(j) be the third derivative of j**6/120 - 7*j**5/60 + j**4/3 + j**3/3 + 455*j**2. Let x(l) = -l**3 + 10*l**2 + l - 4. Let m be x(10). Calculate n(m).
14
Let j(z) be the first derivative of -z**3/3 - 3*z**2 - 9*z - 1. Suppose -91*l - 37 - 603 = -94. Give j(l).
-9
Let u(p) be the third derivative of -1/60*p**5 + 1/6*p**3 + 0 + 0*p - 1/12*p**4 + 2*p**2. Give u(1).
-2
Let h(p) = -18*p**2 + 2*p + 1. Let a = -3981 + 3980. Determine h(a).
-19
Let k(g) = g**2 + 9*g + 19. Let z = 180 - 177. Let d be -5 + -3 + z + 1 + -1. Calculate k(d).
-1
Let r(g) = -2*g + 6. Let h(o) = 5*o - 18. Let x(q) = -3*h(q) - 8*r(q). Suppose 0 = -66*m - 107*m - 1038. Determine x(m).
0
Let a = -25 - -39. Suppose -8*t - a = -10*t. Let s(p) = p**3 - 6*p**2 - 5*p - 10. Give s(t).
4
Let l = -23009 - -46019/2. Let n(f) be the first derivative of -l*f**2 + 19 - 4*f. What is n(0)?
-4
Let u(j) = 4 - 2*j**3 + 19796*j**2 - 19795*j**2 - j + 2. Determine u(2).
-8
Let m be (8/20)/(3/(-105)). Let f be (m - -9) + 5 + 15 + 0. Let d(w) = -w**2 + 15*w - 4. Determine d(f).
-4
Let d(w) = 3*w + 9. Let z(s) = s**2 + 2*s + 4. Let n(t) = -2*d(t) + 3*z(t). What is n(3)?
21
Let b(w) be the third derivative of 13*w**4/24 - w**3/3 + 6*w**2. Let f = -3189 + 3188. Determine b(f).
-15
Suppose -25 = 5*q, 5*r - 3*q = -0*q + 10. Let d(u) = -u - 21*u**3 + 18*u**3 + 31*u**3. What is d(r)?
-27
Suppose 7*j - 4 = 6*j. Suppose -36 = -j*x - 4*w, -5*x + 3*w = -w - 27. Let p(h) = 3*h - 5. Determine p(x).
16
Let b(i) = -i**2 + 10*i - 13. Let r be b(7). Suppose -r = 5*u - 43. Let f(o) = o**2 - 8*o - 3. Give f(u).
-10
Suppose -5*s = -2*q - 36, -35*s = -40*s + 4*q + 32. Let u(c) = -12*c + 83. Give u(s).
-13
Let h(t) = t**2 + 9*t - 1. Suppose 0 = 8*r - 4*r - a - 35, 3*a = -2*r + 7. Let z = -16 + r. What is h(z)?
-9
Let b(v) = v. Suppose 2*g - 299 = o, 5*g = -2*o + o - 278. Let w = -295 - o. What is b(w)?
-2
Let a = -12 + 12. Let z(v) be the third derivative of -v**6/120 - v**4/24 - v**3/3 - 4138*v**2. Calculate z(a).
-2
Let d(f) be the first derivative of 3*f + 1/2*f**2 - 267. Determine d(4).
7
Let b(h) = h + 50. Suppose 10*u + 7938 = -u + 7861. What is b(u)?
43
Suppose 0 = t + 5 - 1 - 5. Let f(k) be the second derivative of k**4/6 + k**3/6 - k**2/2 + 3*k. What is f(t)?
2
Let i(b) = -2*b**3 - 41*b**2 - 11*b - 86. Let s(m) = m**3 + 20*m**2 + 3*m + 44. Let y(c) = 4*i(c) + 7*s(c). What is y(-23)?
-36
Let p(u) = u**3 + 3*u**2 - 11*u - 4. Let w(j) = -289*j**3 - 5*j**2 - 13 + 15*j**2 - 32*j + 292*j**3. Let b(g) = 11*p(g) - 4*w(g). What is b(-8)?
16
Let h = 2912 + -2914. Let p(f) = 2*f**3 - f**2 - 2*f + 1. Calculate p(h).
-15
Let o(w) = -4*w**2 - 43*w - 355. Let f(l) = -l**2 + 2*l - 30. Let g(i) = -3*f(i) + o(i). Give g(-43).
-7
Let o(x) = 14*x + 171. Let l(s) = -14*s - 218. Let j(q) = -5*l(q) - 6*o(q). Determine j(4).
8
Let u(a) = -a**3 + 2*a**2 + 4*a - 8. Let g be 3/(1/(20/(-30)))*(-3)/2. What is u(g)?
-5
Suppose 0*w = w - 3. Let z be ((-12)/90*-5)/(2/w). Let a(o) = -z - o**2 - 32*o + 1 + 28*o. Give a(-3).
3
Let a = -232 - -224. Let u(i) = -i - 5. Let t be u(a). Let v(g) = 2*g**3 - 2*g**2 - g - 3. Calculate v(t).
30
Let z(s) = s**3 + 27*s**2 - 2*s - 49. Let r be z(-27). Let x(q) = 19*q**2 + 3*q - r*q - 4*q + 3 - 18*q**2. Determine x(4).
-5
Let u(j) = 1226 - 599 + 22*j - 620. Determine u(-1).
-15
Let g(v) = 2*v**2 + 9*v - 16. Let b = 161 - 158. Let h(j) = 5*j**2 + 18*j - 33. Let w(q) = b*h(q) - 7*g(q). Determine w(9).
13
Let s(i) be the second derivative of -14*i + 0*i**3 + 2 + 1/20*i**5 + 1/2*i**2 + 1/6*i**4. Determine s(-2).
1
Suppose 3*i - 11 + 8 = 0. Let p(t) = -50*t**3 + 13*t**2 - 4*t + 22. Let h(s) = -37*s**3 + 10*s**2 - 3*s + 17. Let g(r) = 9*h(r) - 7*p(r). Determine g(i).
16
Let w(o) = o**2 + 25*o - 1. Let a(q) = -q**2 - 15*q + 3. Let s(h) = -3*a(h) - 2*w(h). Determine s(8).
17
Let f(t) = -4*t + t**3 - t + 3*t - 2 + 3*t. Suppose -17*u = 2*r + 34, 22*r + 5*u = 21*r - 10. What is f(r)?
-2
Let z(p) = 4*p - 1. Let u(v) = v. Let l(r) = -2*u(r) + z(r). Let y = 49871 + -49872. What is l(y)?
-3
Let o be 4 + (-15)/(315/(-14))*(-9)/(-6). Let z(c) = 7*c**2 - 35*c. Give z(o).
0
Let j(o) be the third derivative of -o**6/120 - 19*o**5/30 - 37*o**4/24 - o**3 + 4022*o**2. Calculate j(-37).
-6
Let a(r) be the second derivative of r**5/20 + 7*r**4/6 - 2*r**3/3 - 43*r**2/2 + 43*r - 53. What is a(-14)?
13
Suppose -4*f = -5*q - 25, -9*q = 3*f - 10*q - 16. Suppose -o - o + 5 = -m, 3*o + m - f = 0. Let j(h) = -h**2 - 3*h + 2. Determine j(o).
-8
Let a(l) = l**2 - 16*l - 111. Let h be 1/(14/(-105))*26/39. Calculate a(h).
-6
Let b be -233 + 216 + 8/1. Let q(g) = -2*g**3 - 17*g**2 - 4*g + 5. Calculate q(b).
122
Let n be (-81)/(-36) + (-87)/28 + 68/14. Let w(v) = 38*v - 148. Calculate w(n).
4
Let b = -14962 + 14945. Let q(i) = -5*i - 77. Determine q(b).
8
Let u = 20951 - 20952. Let a(s) = -3*s**3 + 2*s**2 + 12*s + 10. Determine a(u).
3
Let t(a) be the first derivative of -a**3/3 + 7*a**2/2 - 5*a + 2. Let y(o) = -3*o**2 - 13*o. Suppose 174 = -6*z + 150. Let b be y(z). Determine t(b).
7
Let x(h) = -h**3 - 2*h**2 - 4*h - 2. Suppose 6*s - 4 = -16. Let m be x(s). Let p be 5*(-2)/2*m/10. Let g(z) = -z**2 - 4*z - 2. Give g(p).
1
Let b(w) = -w + 1. Let m = -288 - -168. Let g = m - -115. Let f(j) = 8*j + 40. Let k be f(g). Calculate b(k).
1
Let o = -7133 - -7136. Let k(g) = -g**3 + 7*g**2 - 9*g. Determine k(o).
9
Let t be 0/(48/18*9/12). Let m(g) = -5 + 11*g**3 + 4*g**2 + t*g + g - 10*g**3 - 2*g. Give m(-4).
-1
Suppose b - 6*b = 30. Let a(q) = -988*q**2 + 24*q - 8. Let w(y) = 539*y**2 - 13*y + 4. Let x(l) = -6*a(l) - 11*w(l). Give x(b).
-26
Let v(a) = 5*a**3 - 323*a**2 + 192*a - 8. Let s be v(64). Let y(o) = o**2 + 20*o + 86. Calculate y(s).
-10
Let i(t) = 46*t + 886. Let k be i(-19). Let n(r) = -r**2 + 6*r + 60. What is n(k)?
-12
Let n(c) = 2 + 2*c**2 - 21*c**3 + c**2 - 2 + 22*c**3. Suppose 5*v - 8 = -3*v. Let h be -3 - -2 - (-1 + 5 - v). Calculate n(h).
-16
Let z(w) = 4*w**2 - 3*w - 2. Let l = -5819 + 5816. Determine z(l).
43
Let m(h) = h**2 - 10*h + 9. Let t = -23 + 49. Suppose 0 = -2*w + t*w - 144. Determine m(w).
-15
Let h = -4 - 0. Let u = h + 5. Let r(w) = -w + 2. Let c(l) = 8*l - 2. Let g(j) = c(j) + r(j). Give g(u).
7
Let q(t) = -t - 4*t + 44*t**3 + 4 - 6*t - 2*t - 43*t**3 - 11*t**2. Give q(11).
-139
Let o(a) = a. Suppose 26 + 5 = 3*c - 5*y, 5*y = -c - 23. Let v(g) = -g**2 - 19*g + 6. Let n(m) = c*v(m) + 22*o(m). Give n(-9).
-6
Let y(n) = -n**2 + 7 + 3*n**2 + 11*n - n**2 + 8. Let p = -7588 - -7577. Determine y(p).
15
Let l(h) be the third derivative of -h**6/120 - h**5/10 + h**4/8 + 14*h**3/3 - 586*h**2 - 2*h. What is l(-7)?
56
Let w(u) = 13*u - 35. Let t be w(7). Suppose -3*v = n - 3*n + 3, 4*n + 4*v - t = 0. Let o(a) = -5*a + 0*a + 17*a**2 - n - 9*a**2 - a**3 + 0*a. Determine o(7).
5
Let v = 217 - 209. Let q(l) = v*l + 31 + l**2 + 35 - 75. Let z(p) = -3*p + 6. Let a be z(5). Determine q(a).
0
Let q(k) = 31*k - 1. Suppose 4*h = 20 - 0, -3*w - 4*h = -32. Suppose z - w*x = -11, 2*x - 6 + 5 = 5*z. What is q(z)?
30
Let k(c) = -5*c + 21. Suppose 4*a = -645*r + 644*r + 17, -a - r + 8 = 0. Give k(a).
6
Let o(d) = -d**2 + 7*d - 3. Let b be ((-10)/(-2))/(3/(-2) - -1). Let h be -3 + 6/((-12)/b). Suppose -21 = h*q - 5*q. Give o(q).
-3
Let o(s) = -3*s**2 - 2*s. Let x be o(-2). Let g(k) = k**3 + 247*k**2 + k + 6*k**3 - 6*k**3 + 10 - 239*k**2. What is g(x)?
2
Let b(h) be the second derivative of -h**5/20 + h**4/24 + h**3/6 + 42*h**2 - 15*h. Let l(x) be the first derivative of b(x). Give l(2).
-9
Suppose s - 14 = -3*v, -2*s - 272*v = -273*v. Let o(f) = -3*f**2 + 2*f. Calculate o(s)